*3 - 5*w**2 + 2*w + 1. Let g be f(4). Suppose 0 = 4*c - 5*b - 93, c + 4*b + 5 - 2 = 0. Let a = c + g. List the prime factors of a.
2, 5
Let c be ((-306)/(-21))/((-1)/(-7)). Suppose 3*l = 6*l - c. List the prime factors of l.
2, 17
Let s = -10 + 15. Suppose -3*i - i + 64 = s*q, 0 = 4*q + 2*i - 50. Let z = -3 + q. What are the prime factors of z?
3
Let o(n) = n**2 - 5*n + 12. List the prime factors of o(-7).
2, 3
Let n(a) = 12 + 0*a - a + 0*a. Suppose -4*x - 2*o + 7*o - 20 = 0, x = 2*o - 8. What are the prime factors of n(x)?
2, 3
Suppose -6 + 18 = 2*l. Suppose 4*h = 5*h - l. List the prime factors of h.
2, 3
Let s(m) = -m - 1. Suppose -3*t - 34 = -t. Let x = t + 9. What are the prime factors of s(x)?
7
Let p(x) = -x**2 + 10*x + 8. Let o be p(11). What are the prime factors of ((-60)/35)/(o/21)?
2, 3
Let s = 16 - 22. List the prime factors of (-2)/(-4) - 39/s.
7
Let z = 10 - 8. Suppose -2*x + 20 = -t + 2*t, z*t - 4*x = 24. List the prime factors of t.
2
Let s = 31 - -2. List the prime factors of s.
3, 11
Let i = 9 + 15. Let o = i - 16. What are the prime factors of o?
2
Suppose 0 = -7*n + 3*n + 72. List the prime factors of n.
2, 3
Suppose 0 = -2*d + 4*d - 8. List the prime factors of d.
2
Suppose 0 = 8*m - 663 + 127. What are the prime factors of m?
67
Suppose -118 = -l - 4*u + 86, -u - 957 = -5*l. What are the prime factors of l?
2, 3
Let w(v) = -4*v**2 - 4*v**3 + 4 - 3*v**2 + 4*v**2 + 8*v**3. List the prime factors of w(2).
2, 3
Suppose 4*c - 130 = -2. What are the prime factors of c?
2
Let n(o) = -o**3 + 7*o**2 + 9*o - 4. Let h be n(8). Let q be h/(-26) - 126/26. Let y = 9 + q. What are the prime factors of y?
2
List the prime factors of (-1241)/(-11) + 2 - (-24)/132.
5, 23
Suppose 0 = 3*t - n - 189 - 78, -5*n = 2*t - 195. List the prime factors of t.
2, 3, 5
List the prime factors of 8 + -5 - 5/(5/(-146)).
149
Let r = 45 + -1. Suppose -n + r = n. What are the prime factors of n?
2, 11
Let s be ((-36)/(-30))/(4/70). Suppose 5*p - s - 9 = 0. Suppose -p*i + i = -50. What are the prime factors of i?
2, 5
Suppose 7*w - 3*w - 261 = -5*f, -3*w + 61 = f. Let d = 74 - f. List the prime factors of d.
5
Let a(b) = 3*b - 7. Let l = -9 - -20. What are the prime factors of a(l)?
2, 13
Suppose 11 = -4*l + 7. List the prime factors of 5 + 11 - (l - 0).
17
Let f(j) = j**2 + 3*j + 6. List the prime factors of f(5).
2, 23
Let f(d) = d**2 - 4*d + 3. Let b be f(8). Suppose 4*l + b = 83. What are the prime factors of l?
2, 3
Suppose 0 = -5*n + 4*d + 130, 5*n = -0*d + 5*d + 135. Suppose -5*w + 91 = 4*l - n, 4*w + 3*l - 90 = 0. List the prime factors of w.
3, 7
List the prime factors of 41 - (-8 + 4 - -8).
37
Suppose -2*q + 12 + 72 = 0. Let j = 86 - q. List the prime factors of j.
2, 11
Let v(f) = f**2 - 4*f - 1. Let c be v(3). Let s(h) = h**3 + 4*h**2 - 7*h - 5. List the prime factors of s(c).
23
Let a = 10 + -22. Let p = 4 - a. What are the prime factors of p?
2
Let f = 52 + -23. List the prime factors of f.
29
Let s = -106 - -178. List the prime factors of s.
2, 3
Suppose -177 = -g + 48. Suppose -g = -4*b - b. What are the prime factors of b?
3, 5
Suppose 77*w - 80*w + 1008 = 0. List the prime factors of w.
2, 3, 7
Let r(x) = 218*x + 4. List the prime factors of r(1).
2, 3, 37
Let l = 4 - 0. Suppose -l*n - 1 + 21 = 0. What are the prime factors of n?
5
Let b(z) = -z**3 + 4*z**2 + 4*z + 6. Let f be b(5). List the prime factors of ((-6)/15)/(f/(-35)).
2, 7
Let i be -8 - 0 - 6/(-3). Suppose -5 = 3*n + 2*n. Let j = n - i. What are the prime factors of j?
5
Suppose 4*v - 38 = 5*t, t - 6*t = 4*v - 58. Suppose 5*w - 3 = -j, j = 5*j - 3*w - v. What are the prime factors of (-8 + 7)/((-1)/j)?
3
Let p = -16 + 55. List the prime factors of p.
3, 13
Let f = -3 + 2. Let x be (3/6)/((-1)/(-14)). Let j = x + f. List the prime factors of j.
2, 3
Let x = 23 + -8. Let o = 31 - x. List the prime factors of o.
2
Suppose 0 = 19*s - 3448 + 66. What are the prime factors of s?
2, 89
Suppose 5*q - 3*k - 157 = 0, k - 2*k = 3*q - 97. List the prime factors of q.
2
Let p = 16 - -2. Suppose -4*l + p = -6. List the prime factors of l.
2, 3
Suppose -2*m + 100 = 5*i, 5*i - 2*m - 105 = -5*m. List the prime factors of i.
2, 3
Let m(g) = 6*g - 27. List the prime factors of m(7).
3, 5
Suppose 0*f - 5 = -5*f, j - 3*f = 25. List the prime factors of j.
2, 7
Suppose -5*g - a + 31 + 15 = 0, -4*a = g - 13. Let r = g - -3. List the prime factors of r.
2, 3
Suppose 0 = 4*w + 16, 5*w + 46 = 5*z + w. What are the prime factors of z?
2, 3
Suppose 0 = -5*l + 2 - 47. Let y = 23 + l. List the prime factors of y.
2, 7
Let c(g) = -5*g**3 + g**2 + 2*g. Let o be (-5 + 2)*(-6)/(-9). Let j be c(o). Suppose 0 = 3*h + h - j. List the prime factors of h.
2, 5
Let k be (-214)/6 - (-4)/6. Let h be ((-28)/k)/(1/10). Suppose 3*y - z = 32, 3*y - h*y + 48 = -3*z. What are the prime factors of y?
2, 3
Suppose 22 = 2*u + 2*f, 16 = u + 5*f + 1. What are the prime factors of u?
2, 5
Let q(l) = 3*l**2 - 1 - 2*l + l**3 + 0*l**2 - 2. List the prime factors of q(-3).
3
Let h(l) = l + 6. Let r be h(-3). Suppose -54 = -r*a - 9. What are the prime factors of a?
3, 5
Suppose -2*x - 104 = -6*x. List the prime factors of x.
2, 13
Suppose -3*v - 3 = -3*t, 7*t = 4*t + 4*v + 6. What are the prime factors of ((-3)/(-4))/(t/(-32))?
2, 3
Let s = -88 + 108. What are the prime factors of s?
2, 5
Let g be (1 - -2)/(-3)*3. Let z be 1/(-1 + (-4)/g). Suppose -6*u = -u - 2*o - 15, z*o = -5*u + 40. What are the prime factors of u?
5
Let k(c) = c**2 + 5*c + 4. Let h = 12 + -17. What are the prime factors of k(h)?
2
Let n = 16 + -5. List the prime factors of n.
11
Let r = 1 + 1. Suppose -l + r*k = -24, l = 3*k + 43 - 15. Let m = l + -9. What are the prime factors of m?
7
Let s be (1 - 3) + 9 + -4. Suppose s*b + 3 = 4*b. List the prime factors of b.
3
Let q = 24 - 12. What are the prime factors of q?
2, 3
List the prime factors of 248/32 - 2/(-8).
2
Let n = 80 + -56. Let z = n - 7. List the prime factors of z.
17
Suppose -3*i = i, 5*i - 486 = -2*u. What are the prime factors of u?
3
Suppose -5*t + 218 = -262. What are the prime factors of t?
2, 3
Let v(q) = q**3 - 5*q**2 + 4*q + 4. Let y be v(4). Suppose 3*c = -c - y. List the prime factors of 8/(-1)*c - -1.
3
Suppose 2*c - 4*c + 24 = 0. Suppose a = -5, -v - 5*a + a = c. List the prime factors of v.
2
Let c be (-128 - 2)*(3 + -1). List the prime factors of c/(-16) + 3/4.
17
Let t(s) = 3*s + 6. Let n be t(-6). What are the prime factors of 1*(n/(-1) - 0)?
2, 3
Suppose -2*q - a + 16 = 0, 0 = 2*q + q - 5*a - 50. What are the prime factors of q?
2, 5
Suppose 0*y - 10 = -2*q - 4*y, 4*q + 4 = 4*y. Suppose -5*j = -34 - q. List the prime factors of j.
7
Let k = 35 - 25. List the prime factors of k.
2, 5
Let v(j) = -3*j - 3. Let h be v(-2). Suppose -h*n + 16 = 4. What are the prime factors of n?
2
List the prime factors of (-2)/5 - 4070/(-50) - -3.
2, 3, 7
List the prime factors of (-20604)/(-78) - 4/26.
2, 3, 11
Suppose -5 = -4*x + 7. Let o(i) = i + 3. Let l be o(x). Suppose 2*q + l = 2*p + 22, q + 3*p + 4 = 0. List the prime factors of q.
5
Suppose -3*n + 270 = 3*z, -5*n + 3*z + 478 = z. List the prime factors of n.
2, 47
Suppose -2*g + 5*g - 129 = 0. Let p = 28 - g. Let y = p - -27. List the prime factors of y.
2, 3
Suppose c + 2*n = -3*n + 23, -2*c - 19 = -3*n. Let m = c - -3. What are the prime factors of m + (1 - 3) - -3?
2
Let q(j) = 7*j - 5. Let g be q(4). Let v = g + -12. What are the prime factors of v?
11
Let b(r) = -r**3 + 11*r**2 + r - 1. Let h be b(11). Let n(m) = -m**3 + 11*m**2 - 10*m + 13. List the prime factors of n(h).
13
Let n(r) = -5*r - 3. What are the prime factors of n(-2)?
7
Let g(z) = -z**2 - 8*z + 11. Suppose 3*b - 7*b - 4*w - 16 = 0, -2*b + 12 = -3*w. Let f be 2 + b + -13 - -3. List the prime factors of g(f).
11
Suppose 0 = -2*i + 4*i - 34. Let q be i/(0 + 1 + 0). Let r = q - 8. What are the prime factors of r?
3
Let n be (-2 + 2 + -32)/(-1). Suppose 2*l = -0*l + n. What are the prime factors of l?
2
Let d(v) = -v**3 + 7*v**2 + 6*v - 8. What are the prime factors of d(6)?
2
Let i(z) = 9*z - 3. Suppose -a - 2 = -7. Suppose 0 = -2*c - c + a*b + 21, 0 = -5*c - 3*b + 1. What are the prime factors of i(c)?
3, 5
Suppose -3*k = -2*i + 16, -3*i - 1 + 24 = -4*k. Let n be (-2 - -1) + (3 - 